*2 + 2436*a + 171948. Give n(-315).
-42
Let g(p) = 2*p**3 - 25*p**2 + 1553*p - 17058. Give g(11).
-338
Let j(q) = 17*q**3 + 182*q**2 - 25*q - 87. Give j(-11).
-417
Let c(s) = -133168*s - 133162. What is c(-1)?
6
Let v(d) = 533*d**2 - 62363*d + 110. Determine v(117).
-124
Let n(a) = a**3 + 25*a**2 + 52*a - 106. What is n(-23)?
-244
Let u(g) = -558*g - 40198. Give u(-73).
536
Let k(p) = p**3 + 650*p**2 - 5258*p - 38. What is k(8)?
10
Let p(s) = -s**3 - 25*s**2 - 3163*s - 79079. Give p(-25).
-4
Let x(n) = -2344*n + 34991. Determine x(15).
-169
Let z(k) = 155*k**3 + 1081*k**2 - 34*k - 42. What is z(-7)?
0
Let t(q) = q**3 - 37*q**2 + 275*q - 129. What is t(27)?
6
Let q(z) = -11843*z - 1255331. Give q(-106).
27
Let c(v) = v**3 + 108*v**2 - 732*v - 5519. Give c(-114).
-47
Let n(h) = h**3 + 3*h**2 - 822*h + 3225. Calculate n(4).
49
Let y(i) = -3*i**2 - 5713*i - 34146. Give y(-6).
24
Let c(q) = 1155*q + 25900. Calculate c(-23).
-665
Let z(r) = 31*r**2 - 71*r + 433. Determine z(7).
1455
Let d(n) = 290*n**2 - 3523*n + 13. What is d(12)?
-503
Let n(d) = 11*d**3 + 206*d**2 - 45*d + 123. Give n(-19).
-105
Let d(s) = 3*s**3 - 179*s**2 - 734*s. What is d(-4)?
-120
Let a(t) = 4*t**2 + 534*t - 1536. Give a(-136).
-176
Let i(r) = -3*r**2 + 580*r + 9480. Determine i(-15).
105
Let a(j) = -3*j**2 - 30*j + 896. Calculate a(13).
-1
Let b(l) = 5218*l + 187808. What is b(-36)?
-40
Let b(n) = -3322*n - 368747. Determine b(-111).
-5
Let r(n) = 968*n**2 + 10688*n + 345. Determine r(-11).
-95
Let o(u) = -40*u**2 - 17194*u - 14616. Determine o(-429).
-30
Let j(o) = -o**2 - 259609*o - 4932198. Determine j(-19).
12
Let u(t) = 2904*t + 8531. Calculate u(-3).
-181
Let p(z) = 2*z**2 - 534*z + 3577. Calculate p(260).
-63
Let h(d) = -29*d**2 - 8348*d - 23663. What is h(-285)?
-8
Let o(d) = 489*d + 19307. Give o(-40).
-253
Let y(k) = -6241*k + 1229478. Calculate y(197).
1
Let v(y) = -8*y**2 + 587*y + 12337. What is v(89)?
1212
Let u(x) = 19*x**2 + 27*x - 334. What is u(9)?
1448
Let u(w) = -w**3 - 441*w**2 - 3442*w - 4. Give u(-8).
-180
Let d(q) = -161405*q - 4357924. Calculate d(-27).
11
Let y(v) = -2*v**2 - 168*v - 69. Calculate y(-9).
1281
Let a(f) = f**3 - 134*f**2 - 1533*f + 2623. Calculate a(-12).
-5
Let b(s) = -s**2 + 43344*s - 303376. Determine b(7).
-17
Let w(j) = j**3 - 108*j**2 + 343*j - 2939. Give w(105).
1
Let u(y) = 3*y**3 + 22*y**2 + 116*y + 122. Give u(-3).
-109
Let k(a) = -1364*a**2 - 662907*a - 1472. Give k(-486).
-14
Let z(w) = -w**3 + 39*w**2 + 4457*w - 12766. What is z(88)?
-6
Let s(x) = 236921*x + 1184605. What is s(-5)?
0
Let u(a) = -8356*a - 359299. Give u(-43).
9
Let a(g) = -41977*g + 461160. Determine a(11).
-587
Let n(m) = -m**3 - 66*m**2 + 5154*m + 238. Give n(-112).
14
Let t(i) = 6*i**2 - 181*i + 71. Give t(33).
632
Let v(i) = -i**2 + 8*i + 9302. Give v(101).
-91
Let g(s) = 235*s**2 - 3058*s + 75. Determine g(13).
36
Let t(o) = 4*o**2 + 2197*o + 175468. Give t(-97).
-5
Let q(u) = 38*u**3 + 16984*u**2 - 881*u + 5770. What is q(-447)?
-41
Let j(u) = u**3 - 26*u**2 + 232*u - 1981. Give j(16).
-829
Let i(u) = 5695*u + 65867. What is i(-12)?
-2473
Let k(z) = -183730*z - 15249590. Give k(-83).
0
Let f(o) = -7*o**2 - 124597*o + 498512. Determine f(4).
12
Let l(a) = a**2 + 90*a + 67. Calculate l(-101).
1178
Let z(c) = 28124*c + 27697. Determine z(-1).
-427
Let w(y) = 446*y - 16913. Determine w(35).
-1303
Let o(f) = f**3 - 382*f**2 - 4357*f + 13359. What is o(393)?
-3
Let g(m) = 2*m**2 + 409*m + 11366. What is g(-30)?
896
Let u(t) = -52*t**2 + 10*t - 104. What is u(-12)?
-7712
Let q(t) = t**2 - 165*t - 180. Give q(166).
-14
Let y(l) = -3505*l + 31549. Calculate y(9).
4
Let q(j) = -1794*j**2 - 21529*j + 15. What is q(-12)?
27
Let l(j) = 3*j**2 - 466*j - 28957. Calculate l(203).
72
Let f(j) = -4*j**3 + 125*j**2 + 95*j + 97. What is f(32)?
65
Let i(b) = -59*b - 1132. What is i(-25)?
343
Let c(a) = 2492*a + 42381. Give c(-17).
17
Let v(w) = 22*w**2 + 2436*w - 23693. Determine v(9).
13
Let t(h) = 732*h**2 - 52*h + 70. What is t(1)?
750
Let i(v) = 111533*v - 111534. Give i(1).
-1
Let n(r) = -57*r**2 + 94*r - 416. Calculate n(5).
-1371
Let h(b) = 1035*b - 8052. What is h(8)?
228
Let c(u) = -u**2 - 214*u - 11220. Determine c(-105).
225
Let k(j) = j**3 + 500*j**2 + 189*j + 94611. Determine k(-500).
111
Let k(m) = 20*m**2 + 185*m + 138. Determine k(-4).
-282
Let j(i) = 3*i**2 + 194*i + 3698. Give j(-22).
882
Let s(r) = 21311*r + 681922. Give s(-32).
-30
Let b(y) = 2*y**3 + 17*y**2 - 3798*y - 7647. Determine b(-2).
1
Let a(h) = -5302*h - 72006. Calculate a(-14).
2222
Let m(k) = 2*k**3 + 79*k**2 - 276*k + 101. Determine m(3).
38
Let w(u) = -35*u**2 + 3628*u + 32660. Give w(-9).
-2827
Let h(l) = 14*l**3 + 41*l**2 - 836*l - 877. Determine h(-1).
-14
Let h(l) = -l**2 + 171*l + 6946. Calculate h(-31).
684
Let c(i) = -4*i**3 + 335*i**2 - 200*i - 4155. Calculate c(83).
-88
Let j(s) = 6*s**3 + 219*s**2 + 1853*s + 287. Give j(-13).
27
Let r(n) = -n**3 + 183*n**2 - 534*n - 1090. Give r(180).
-10
Let g(b) = 270*b**2 - 8584*b - 17160. Determine g(-2).
1088
Let b(g) = 186*g**2 + 117338*g + 99546. Give b(-630).
6
Let j(c) = 1872*c + 595294. Calculate j(-318).
-2
Let b(s) = -17921*s + 1057333. Calculate b(59).
-6
Let g(w) = -124965*w + 1. Give g(0).
1
Let p(t) = -t**3 + 96*t**2 - 200*t + 7262. What is p(94)?
6134
Let k(h) = 25*h + 3851. Give k(-127).
676
Let b(x) = -111864*x + 14206733. Determine b(127).
5
Let n(h) = -h**3 - 928*h**2 + 99422*h - 3081. Calculate n(-1025).
-6
Let u(l) = -1320*l - 4905. What is u(-4)?
375
Let p(t) = -2*t**3 + 85*t**2 + 208*t + 139. What is p(45)?
-626
Let u(l) = 5*l**2 + 1111*l + 6633. Determine u(-6).
147
Let f(o) = -1397*o + 1437. Determine f(1).
40
Let a(g) = g**3 - 84*g**2 - 198*g + 1224. What is a(86)?
-1012
Let s(d) = -8987*d + 269534. Calculate s(30).
-76
Let i(m) = 15*m**2 + 148*m + 445. Calculate i(-14).
1313
Let m(v) = v**3 - 35*v**2 + 195*v + 174. Determine m(26).
-840
Let y(z) = -7*z**2 + 1252*z - 18220. Determine y(16).
20
Let h(w) = -w**3 - 134*w**2 - 2411*w + 10316. What is h(-26)?
-6
Let d(m) = m**3 - 173*m**2 - 256*m - 11342. What is d(175)?
5108
Let v(r) = 6*r**2 + 2*r + 87. Calculate v(17).
1855
Let v(b) = -b**3 - 65*b**2 + 348*b + 27. What is v(-70)?
167
Let z(m) = -123*m + 12248. What is z(74)?
3146
Let f(i) = 12604*i - 315061. Determine f(25).
39
Let f(j) = -1833*j - 196140. What is f(-107)?
-9
Let u(x) = x**3 + 39*x**2 - 214*x - 1811. Calculate u(-43).
-5
Let t(v) = v**3 - 3*v**2 + 175*v - 691. Calculate t(4).
25
Let m(l) = 493*l - 7974. Give m(16).
-86
Let d(j) = j**2 + 111694*j + 12831572. Determine d(-115).
-13
Let m(o) = o**3 + 11*o**2 - 1022*o + 8536. Calculate m(11).
-44
Let w(t) = 1014*t + 66617. Give w(-69).
-3349
Let g(w) = w**3 + 26*w**2 + 271*w - 187. Calculate g(-21).
-3673
Let h(l) = 1993982*l - 17945835. Calculate h(9).
3
Let x(d) = -7*d**2 - 137*d - 3655. Determine x(-24).
-4399
Let g(v) = -16287*v + 243894. What is g(15)?
-411
Let n(y) = 2*y**3 + 10*y**2 + 22*y + 18. Calculate n(-5).
-92
Let w(q) = 9*q**2 - 1108*q - 169. Determine w(123).
-292
Let i(l) = 2020*l - 119222. Calculate i(59).
-42
Let p(a) = 2*a**3 + 16*a**2 - 61*a - 385. Give p(-9).
2
Let v(c) = -1774*c - 47824. What is v(-27)?
74
Let r(j) = -j**3 - 476*j**2 - 1830*j + 27380. Calculate r(-472).
4
Let h(m) = 27434*m - 1179660. What is h(43)?
2
Let f(s) = -s**3 + 6*s**2 + 159*s - 358. Determine f(15).
2
Let s(x) = -10*x**3 + 417*x**2 + 559*x + 45. Calculate s(43).
45
Let c(z) = 7*z**2 + 1977*z + 13796. Calculate c(-7).
300
Let v(n) = 4*n**3 - 17*n**2 - 483*n + 2320. Give v(5).
-20
Let h(r) = 36563*r - 146438. What is h(4)?
-186
Let m(t) = -120215*t - 17791823. What is m(-148)?
-3
Let b(j) = j**2 + 15206*j - 152110. What is b(10)?
50
Let l(i) = i**2 + 2329*i + 735898. What is l(-377)?
-6
Let k(v) = -4045*v**2 + 24244*v - 5. Calculate k(6).
-161
Let q(f) = -36*f**3 - 232*f**2 - 10*f - 19. Calculate q(-8).
3645
Let i(p) = p**3 + 3*p**2 - 1418*p + 1043. Determine i(36).
539
Let o(p) = -219*p**2 - 37*p - 7. Determine o(-4).
-3363
Let i(d) = d**2 + 6447*d - 1281526. Calculate i(193).
-6
Let w(m) = 3*m**3 - 61*m**2 - 152*m - 13. Give w(16).
-5773
Let t(v) = -298*v - 43644. What is t(-141)?
-1626
Let s(c) = c**3 + 9*c**2 - 771*c - 7602. Calculate s(-10).
8
Let h(